4 - (-48 - (7 + 4)))?
39
What is -10 + 1 + 6 + -5 + (9 - 75 - -10)?
-64
Calculate 143 - (229 - 167) - (4 - 7 - (-1 - -4)).
87
What is 6 + -90 - ((32 - 66) + 13 + 25)?
-88
What is -12 + -9 + -6 + 13 - -24 - (2 + 58)?
-50
What is -117 + 53 + -28 + 39?
-53
Calculate (82 - 90) + -42 - (35 - -1).
-86
Evaluate -7 - (21 + (-82 - 52)).
106
-92 + 81 + (111 - 51)
49
What is the value of -4 - (-22 - -25 - -54)?
-61
Evaluate (1 - (5 - 44)) + (9 + -15 - (6 - 7)).
35
What is (80 + -42 - ((4 - (2 - 0)) + -11)) + 10?
57
(2 - -82) + -16 + 21 + (4 - 18 - -12)
87
What is the value of 34 + (-60 + 0 - -7)?
-19
Calculate 2 + 6 + (50 - -13 - 30).
41
Calculate (-16 - -21) + 134 + -139.
0
Evaluate 25 + 28 + -5 + -18.
30
What is the value of -2375 - -2357 - (0 + (0 - 17))?
-1
-63 + 163 + -20 + 2 + 2
84
What is 12 + -4 + 28 - -12?
48
What is (-5 + 9 - 8) + 103 + 179 + -172?
106
(-37 - -23 - -37) + -13 - -31
41
What is -11 + 0 + -2 - (-146 + 44 - -60)?
29
-7 + -11 + (4 - -9) - -10 - -22
27
515 + -588 - (-93 - 3)
23
-80 - ((0 - -23) + (45 - 56) + -20)
-72
What is (21 + 44 + -62 - 19) + 99?
83
Calculate -13 + (16 - 22) + (40 - 17).
4
What is the value of -66 + 48 + (1 - 32 - 7)?
-56
Calculate (856 - 825 - (107 + -1)) + -27.
-102
Evaluate -25 + 159 - (-175 - -251).
58
(-9 - -309 - 138) + -157
5
What is the value of (23 + (1 - 21) - (76 + -3)) + -4 - -2?
-72
What is -5 + ((-19 - 59) + -36 - -8)?
-111
What is (-7 - -1) + (64 - 70) + 36 + 47?
71
-50 - (-3 + -2 - 0 - (-24 - -34 - 7))
-42
-31 + -26 + 5 + 75
23
27 - (-3 + 101 + 13) - (-21 - -3)
-66
-10 + 8 - 8 - (11 - 15 - -3)
-9
What is -1 - (-75 + (60 - 33))?
47
Evaluate 44 + (4 - 16 - ((0 - 5) + -8)).
45
18 + 49 - 32 - 61
-26
What is (-4 - 2) + -6 + 38 + -25 + 21?
22
What is 2 + 0 + 120 + -111 - (4 + 3 + -31)?
35
Evaluate 23 + -8 + 16 - 13 - -16.
34
-97 + ((11 - (23 - 3)) + -10 - (11 - 21))
-106
What is the value of -56 - ((99 - 100) + 6 + -3 + 0)?
-58
Evaluate (-136 + 138 - (-2 + (-1 - 0))) + -35.
-30
What is (9 - (11 + -16 + 6)) + -55 + 9 + -13?
-51
What is 2 - (15 + 18) - -32 - -53?
54
Calculate (29 - 20) + -18 + -19 + -1 + 5.
-24
What is the value of 345 + -358 - (-18 - -1) - (10 - 1)?
-5
Evaluate -13 + -3 + 5 + (125 - 120) - -25.
19
Evaluate 52 + -45 - (4 - (3 + -4 + 5) - 58).
65
Calculate 119 + 118 + -347 - -86.
-24
Calculate -24 + (-3 - 16) + (79 - 83).
-47
Evaluate -5058 + 5036 - (1 + -27).
4
What is the value of 61 + 27 + -88 + -4 + (-3 - -6)?
-1
Calculate (1 + (1 - -1) - 1) + 4044 + -4048.
-2
What is the value of (-10 + 1 - (-30 + 33)) + -44 + -3 + -7?
-66
Evaluate 11 + 9 + 13 + -19 - (-21 + -76).
111
Calculate (-11 + -4 - 13 - -16) + -2.
-14
What is (-261 - -290) + (-4 - -50)?
75
Calculate (-230 + 197 - (-1 - 44)) + 38.
50
What is the value of 56 + -156 + 47 - 37?
-90
(-8 - -56) + -71 + 29
6
What is the value of -47 - (-7 + -9 - (-5 - 7))?
-43
(150 - 148 - (13 + -5 + 2 + 3)) + -4
-15
What is 14 + (1 - 90) - -19?
-56
Calculate -44 + -25 + 189 - (0 + 24).
96
What is the value of 452 + -439 + -17 + 0?
-4
Calculate (13 - 58) + 97 + -25.
27
What is -56 - (130 + -107 - 53)?
-26
What is the value of -6 + -5 + 9 + 7 + (-7 - -9) + 9?
16
Calculate (-7 + 6 - -4) + (0 + -3 - -16).
16
11 + (-52 - -96) + (-4 - -1)
52
Evaluate 37 + (28 + -35 - 33) - ((-24 - 2) + 1).
22
Evaluate -1 + 7 + 3 + (-2 - -15) + 33 + -25.
30
What is the value of -11 - ((9 - -1) + -42 + 28)?
-7
135 + -5 + 2 - (-2039 + 2088)
83
Evaluate -6 + (7 - -8) + -10 + (-22 - -20).
-3
6 + (14 - ((-5 - 3) + (7 - 3)))
24
What is 2 - 16 - (7 + 19 + -12 - (107 - 6))?
73
What is the value of -99 - (25 + 101 + -169)?
-56
Calculate -14 - ((111 - 19) + -12 + -7 - -4).
-91
(2 - (1 + 6 + 7 + -1)) + 2
-9
10 - ((0 - -3) + 8) - (-24 + 17 + -28)
34
Evaluate 23 - -2 - (8 - (-5 - (1 - 2))).
13
(-42 - (-61 + -15)) + 5
39
129 + -20 + -33 + (-34 - -6)
48
Evaluate 9 + 16 + -27 + 1 + -4.
-5
Calculate 4534 + -4499 - (-3 + 55).
-17
What is the value of -11 + -5 + (-14 - -11) + -39?
-58
Calculate 36 + 79 + -53 + (-24 - -1).
39
Calculate -124 + 208 + -10 + (14 - 10).
78
What is the value of (410 - 428) + (10 - (-8 - 0))?
0
(-77 - (-29 - 56)) + 16
24
Evaluate 7 - 0 - ((48 - (37 - -56)) + 35).
17
Evaluate -37 + (-13 - -62) - (-2 + (-2 - 27)).
43
3 + (-7 - -15) - (-5 + 13 - 25)
28
What is (-165 - -215) + 26 + -63?
13
What is the value of 105 - (-43 + (-11 - -111))?
48
Calculate -16 + 116 + -62 + 50 + -14 + -1 + -1.
72
Calculate 162 - (-2 - (15 + -34)).
145
What is (-89 - 6) + 72 - -25?
2
What is the value of (0 - -9) + 4128 + -4159?
-22
(11 - ((-21 - 1) + 35)) + 49
47
78 - (-29 + 82 + -47)
72
What is the value of (-3 - -6) + -10 - ((-19 + 6 - -6) + 12)?
-12
What is the value of -1 + (1 - 14 - -8) + -7 + 20?
7
What is the value of 5 + 9 + -5 - (20 + -20 + 1 + -141)?
149
(5 - (4 + 1)) + (7 - 0) - 10
-3
Evaluate 57 + (15 + (9 - 20 - -3) - (9 + 1)).
54
Calculate 15 + -32 - (17 - (-6 + 22)).
-18
What is 18 - (-1 - 0 - (-49 - -36)) - 36?
-30
What is the value of -2 + -1 + 3 - ((4 - (-39 + 87)) + -15)?
59
What is 5 + -21 + (16 + 44 - 11) + 2?
35
-4 + 1 + 3 - (20 + -15 + 8)
-13
Evaluate 2128 + -2109 + 1 + 0.
20
What is 29 + (14 + -13 - 12 - 2) + -94 + -14?
-92
What is (-208 - (-16 - 170)) + -3 + 94?
69
What is the value of -27 + 2 + (25 - -3 - 14)?
-11
What is the value of -50 + 32 - (-122 - -119)?
-15
What is 229 + -202 + -37 + 0 + -1 + 3 + 123?
115
What is -5 + -8 + 5 + -10 + -9 + 24 + -41?
-44
48 + 145 + (-74 - 51)
68
What is the value of 19 - ((1 - -4) + (-16 - -36) + 10)?
-16
Evaluate -38 + -48 + 47 - -7.
-32
Calculate (80 - 61) + -28 - (-4 - 85).
80
What is the value of -6 - -51 - (-11 - -60)?
-4
Calculate 1 - -1 - 5 - (31 + -18 + 2 - -32).
-50
Evaluate 15 + (11 - (10 + -18 - -15)) - -4.
23
What is -4 - -13 - (-1 + 0 + 10 + -13)?
13
(-1 + 0 - (-76 + 52)) + 12 - -7
42
Calculate 2 + (25 + -8 - (-22 - -25) - (3 - 58)).
71
Calculate -6 + (-9 - (6 - (-8 + (10 - -68)))).
49
Calculate 8 + (6 - 1) + -1 + -26 - (-198 - -217).
-33
-22 + -8 + 16 + 4 + -8 + 13
-5
Evaluate 212 - (115 + (43 - 53)).
107
What is the value of 14 + -1 + (10 - 5 - (-3 - -4)) + 1?
18
What is the value of -125 + 32 + 112 - (10 - -2 - -2)?
5
52 + 33 - (-213 - -439)
-141
Evaluate -950 - -989 - (0 - -57).
-18
What is the value of (-18 + -48 - -16) + (-1 - -13) + -3?
-41
What is the value of 7 + (-32 - (35 - -4))?
-64
What is -6 - ((8 - 8) + -3 + 3 + (25 - -2))?
-33
13 - (5 - 13) - (-30 + 30)
21
What is the value of -6 - (-9 - -1) - (23 + (-10 - -2) + -10)?
-3
Calculate -41 + 33 + -53 - -77.
16
Evaluate (-16 - -7 - 7) + (521 - 574).
-69
Calculate -9 - -9 - ((70 - 38) + -1 + (3 - 0)).
-34
What is the value of -40 - (8 + (-162 - -7 - 23))?
130
What is (44 - (43 - 19)) + (-65 - -34)?
-11
What is the value of (-75 - -14) + 8 + 50?
-3
What is 2 - 22 - (-83 + -126 - -144)?
45
What is -9 + (2 + 31 + 0 - (78 + (-6 - 79)))?
31
Calculate -2307 + 2317 - (-2 - 23).
35
What is the value of 21 + (42 - 13 - (10 + 2))?
38
What is the value of (-4 - -1) + (-6 + 1 - (155 - 145)) + -14?
-32
Calculate (51 - (12 + -3)) + 3 - (-19 + 10 - 1).
55
What is the value of -15 - (43 + -9 + -83)?
34
What is the value of 177 + (-171 - -95) - 46?
55
-56 + (44 - -2) + 66
56
30 + -91 + (-1 + 9 - (-5 + 15 + -8))
-55
Calculate (10 - 29) + 9 - -63 - (-8 + (-3 - -7)).
57
Calculate -1 + -70 + (-9 - -26) + -12 + 7 + 10.
-49
What is the value of -20 + 28 + (7 + -15 - -7)?
7
What is the value of (31 - (3 - (-34 + 22))) + (10 - 1)?
25
What is the value of 48 - 102 - (3 + 2 + -5 + 5 + -8)?
-51
Calculate 87 + (26 - 23 - -6) - 14.
82
What is the value of -107 + -4 - (2670 - 2651)?
-130
Calculate -18 - -150 - (6 - (-3 + 13)) - (15 - 5).
126
-67 - -84 - (9 + 9 + 8)
-9
What is the value of 9 - 18 - (4 + -2 - -2)?
-13
What is the value of 11 + (-20 - (-5 + 3 + (-10 - (-16 - -9))))?
-4
What is (18 + 0 - ((-6 - 104) + 122)) + 5?
11
Calculate -22 + (5 - (-12 - 7)) + -29.
-27
What is 9 + (11 - (-13 - -23)) + -65?
-55
(-13 + (-6 - -4) + 3 + 1 - -7) + -10
-14
What is the value of (-97 - (-58 + 41)) + 39?
-41
Calculate -41 + 20 + 9 + (-12 - (-5 - -13)).
-32
What is the value of (1 - 15) + 31 + (82 - 102)?
-3
What is 15 - (113 + (-3 - -3) + (-101 - -68) + 33)?
-98
What is (51 - 5 - -7) + -325 + 322?
50
(90 - 83 - ((4 + -4 - -2) + -2)) + -27
-20
12 + 6 + -16 + 10 + -28
-16
Evaluate -29 + (31 -